991 a composite number?
True
Is 43219 a prime number?
False
Is 3119 composite?
False
Is 102929 composite?
False
Is 51215 composite?
True
Is 10694 prime?
False
Is 101081 a prime number?
True
Is 1847 prime?
True
Is 12323 a prime number?
True
Is 50999 prime?
False
Is 518263 a composite number?
True
Is 535531 a composite number?
True
Is 79117 a composite number?
True
Is 129557 a composite number?
True
Is 298367 a prime number?
False
Is 69809 prime?
True
Is 3937 a composite number?
True
Is 90397 a prime number?
True
Is 204713 a prime number?
False
Is 2177 prime?
False
Is 471841 a composite number?
False
Is 199 a prime number?
True
Is 575119 composite?
False
Is 13751 prime?
True
Is 4177 a composite number?
False
Is 32567 a prime number?
False
Is 10007 a prime number?
True
Is 22105 a composite number?
True
Is 72453 a prime number?
False
Is 69347 a composite number?
True
Is 56299 a prime number?
True
Is 31069 a prime number?
True
Is 937 a composite number?
False
Is 1876531 a prime number?
False
Is 1932761 prime?
True
Is 10291 prime?
False
Is 1151 a prime number?
True
Is 1070437 composite?
True
Is 141257 a prime number?
True
Is 160913 a prime number?
False
Is 690683 a prime number?
False
Is 107003 a composite number?
True
Is 21701 a composite number?
False
Is 6667 a composite number?
True
Is 403346 composite?
True
Is 956659 a composite number?
True
Is 891541 a composite number?
True
Is 479 a prime number?
True
Is 28387 prime?
True
Is 2501 prime?
False
Is 27933 composite?
True
Is 15661 a prime number?
True
Is 41543 a composite number?
False
Is 25793 a composite number?
False
Is 8511 a composite number?
True
Is 3803 composite?
False
Is 9791 prime?
True
Is 24065 a composite number?
True
Is 2747 composite?
True
Is 2660839 prime?
True
Is 23501 a prime number?
False
Is 16777 prime?
False
Is 59749 a prime number?
False
Is 438377 a prime number?
True
Is 7681 prime?
True
Is 132469 prime?
True
Is 8263 a prime number?
True
Is 2068685 composite?
True
Is 1208183 prime?
False
Is 137659 composite?
False
Is 2830499 composite?
True
Is 156473 prime?
False
Is 4742 a composite number?
True
Is 2816482 prime?
False
Is 6797 a composite number?
True
Is 7517 a prime number?
True
Is 1931203 prime?
True
Is 87946 a composite number?
True
Is 5506 a prime number?
False
Is 483478 a prime number?
False
Is 937331 composite?
False
Is 441019 composite?
True
Is 964451 prime?
False
Is 1693 prime?
True
Is 683 composite?
False
Is 26777 composite?
False
Is 911195 a composite number?
True
Is 632081 prime?
True
Is 5501 prime?
True
Is 1737185 a composite number?
True
Is 206578 prime?
False
Is 35417 a prime number?
False
Is 353999 prime?
False
Is 72431 prime?
True
Is 40709 a composite number?
False
Is 671 a composite number?
True
Is 23794 prime?
False
Is 11519 prime?
True
Is 368633 prime?
True
Is 10123 composite?
True
Is 65597 prime?
False
Is 25577 a prime number?
True
Is 13633 composite?
False
Is 1499 prime?
True
Is 1473 a composite number?
True
Is 23699 prime?
False
Is 18269 composite?
False
Is 44449 composite?
False
Is 23251 prime?
True
Is 411889 composite?
True
Is 331 a prime number?
True
Is 1151 prime?
True
Is 336511 prime?
False
Is 550003 a composite number?
True
Is 470755 a composite number?
True
Is 276229 prime?
True
Is 18799 composite?
True
Is 143909 prime?
True
Is 269877 a prime number?
False
Is 65006 a composite number?
True
Is 414503 composite?
False
Is 8401 prime?
False
Is 851041 composite?
False
Is 106385 a prime number?
False
Is 8641 composite?
False
Is 108677 prime?
True
Is 134327 a prime number?
True
Is 246497 composite?
False
Is 9649 a prime number?
True
Is 146477 a composite number?
False
Is 45673 prime?
True
Is 726281 a prime number?
False
Is 112123 a prime number?
False
Is 2047 composite?
True
Is 336961 a composite number?
False
Is 99961 prime?
True
Is 14171 a composite number?
True
Is 45403 a prime number?
True
Is 19561 a composite number?
True
Is 17707 prime?
True
Is 6101 a prime number?
True
Is 38447 a composite number?
False
Is 1692787 composite?
True
Is 71693 a prime number?
True
Is 5071705 a composite number?
True
Is 12031 prime?
False
Is 79438 composite?
True
Is 1186373 a composite number?
False
Is 3659 a prime number?
True
Is 788987 a prime number?
False
Is 8059 a prime number?
True
Is 731347 a composite number?
True
Is 747343 prime?
True
Is 50207 prime?
True
Is 960677 composite?
False
Is 1067 prime?
False
Is 3863 prime?
True
Is 1794277 a prime number?
True
Is 333199 composite?
True
Is 14863 a composite number?
True
Is 167641 a prime number?
True
Is 131203 a composite number?
False
Is 564013 a composite number?
False
Is 8097 prime?
False
Is 741989 a composite number?
True
Is 23783 composite?
True
Is 2459 a composite number?
False
Is 337583 prime?
True
Is 506921 a composite number?
True
Is 213887 a prime number?
True
Is 231943 composite?
False
Is 56057 a composite number?
True
Is 585551 a prime number?
True
Is 2174 prime?
False
Is 534721 prime?
False
Is 446491 a prime number?
False
Is 5669 composite?
False
Is 44351 a composite number?
False
Is 2103377 prime?
True
Is 195427 a prime number?
True
Is 23141 prime?
False
Is 92893 composite?
False
Is 6197 prime?
True
Is 81097 composite?
False
Is 156781 a prime number?
True
Is 117103 prime?
False
Is 42803 a composite number?
True
Is 12097 a prime number?
True
Is 853 a prime number?
True
Is 90691 a composite number?
True
Is 5219 a composite number?
True
Is 485 composite?
True
Is 134129 a composite number?
False
Is 5171 a composite number?
False
Is 427301 composite?
True
Is 4831 a composite number?
False
Is 389 composite?
False
Is 6295 a prime number?
False
Is 36647 prime?
False
Is 494959 a prime number?
True
Is 100319 prime?
False
Is 4629 composite?
True
Is 253 prime?
False
Is 3504919 prime?
False
Is 156063 composite?
True
Is 15149 a prime number?
True
Is 1314101 a prime number?
True
Is 445453 composite?
False
Is 345039 prime?
False
Is 665485 composite?
True
Is 335531 a composite number?
True
Is 60601 a composite number?
False
Is 100151 a composite number?
False
Is 269531 a composite number?
True
Is 619779 composite?
True
Is 60251 a composite number?
False
Is 237673 a composite number?
False
Is 198173 a prime number?
True
Is 103307 a prime number?
True
Is 80789 a composite number?
False
Is 2143453 prime?
False
Is 9127 a composite number?
False
Is 36731 composite?
True
Is 1226103 a composite number?
True
Is 121727 composite?
False
Is 2941 a composite number?
True
Is 824039 prime?
True
Is 2446417 prime?
True
Is 12659 a prime number?
True
Is 159311 composite?
False
Is 147115 prime?
False
Is 2721 a prime number?
False
Is 44879 a prime number?
True
Is 177673 composite?
True
Is 13751 prime?
True
Is 663517 composite?
False
Is 2437 prime?
True
Is 3659 composite?
False
Is 23251 a composite number?
False
Is 28489 a composite number?
True
Is 381973 composite?
True
Is 703 a prime number?
False
Is 117049 a composite number?
True
Is 2627 composite?
True
Is 10181 a composite number?
False
Is 1174361 composite?
False
Is 479797 composite?
False
Is 2161 a composite number?
False
Is 141761 a prime number?
True
Is 1277749 prime?
False
Is 226319 a prime number?
False
Is 10757 composite?
True
Is 262421 composite?
True
Is 37039 composite?
False
Is 65413 prime?
True
Is 1222031 composite?
True
Is 19069 a prime number?
True
Is 11047 prime?
True
Is 6007 prime?
True
Is 3641 prime?
False
Is 58967 a prime number?
True
Is 5381 a prime number?
True
Is 49107 a composite number?
True
Is 6469 a prime number?
True
Is 512137 a composite number?
False
Is 439687 composite?
False
Is 551909 a prime number?
True
Is 1385369 a prime number?
True
Is 20441 prime?
True
Is 11671 a composite number?
True
Is 362561 prime?
True
Is 11311 a prime number?
True
Is 195718 prime?
False
Is 12437 a prime number?
True
Is 107399 a prime number?
False
Is 181321 a composite number?
True
Is 468661 a prime number?
True
Is 1090234 a prime number?
False
Is 110111 composite?
True
Is 1187 a prime number?
True
Is 1961 prime?
False
Is 2911 prime?
False
Is 56519 a prime number?
True
Is 8609 a prime number?
True
Is 670919 prime?
True
Is 471089 composite?
False
Is 247 composite?
True
Is 7631 a composite number?
True
Is 2153 prime?
True
Is 2719 composite?
False
Is 44839 a composite number?
False